c1 (base 13) in base 14?
356
-715 (base 11) to base 6
-3555
What is -232233 (base 5) in base 6?
-103031
-c0 (base 15) to base 4
-2310
Convert -cab (base 15) to base 14.
-1085
What is -e4e (base 15) in base 10?
-3224
-2517 (base 8) to base 3
-1212100
What is -3117 (base 13) in base 5?
-204110
What is 1e41 (base 15) in base 6?
50254
What is -24134 (base 8) in base 2?
-10100001011100
What is 807 (base 9) in base 12?
467
Convert 2303 (base 5) to base 6.
1304
What is 6cf (base 16) in base 2?
11011001111
782d (base 16) to base 12
15979
-2e7b (base 15) to base 4
-2130200
Convert 3713 (base 11) to base 8.
11366
-2223302 (base 4) to base 16
-2af2
Convert 110022100 (base 3) to base 16.
230d
11421 (base 5) to base 4
31131
Convert -7047 (base 13) to base 8.
-36116
14065 (base 12) to base 9
42025
What is -a9 (base 14) in base 4?
-2111
What is -311312 (base 5) in base 13?
-4852
What is -101101010 (base 2) in base 9?
-442
Convert 22122 (base 3) to base 11.
1a2
What is 12130100 (base 4) in base 16?
6710
Convert -4221 (base 12) to base 9.
-10817
-1b66 (base 15) to base 9
-8136
What is -27 (base 16) in base 15?
-29
What is 10110100010111 (base 2) in base 12?
681b
30914 (base 10) to base 3
1120101222
What is 15804 (base 10) in base 4?
3312330
25e8 (base 16) to base 6
112532
Convert 100001 (base 2) to base 13.
27
20212221 (base 3) to base 15
174a
Convert 2b7 (base 13) to base 11.
404
What is 1984 (base 13) in base 2?
111011110010
What is ea (base 15) in base 3?
22011
What is -2b1cc (base 13) in base 10?
-81626
Convert -2281 (base 14) to base 11.
-4559
2422 (base 13) to base 16
13ea
What is e6a7 (base 16) in base 2?
1110011010100111
-1411 (base 5) to base 4
-3213
Convert 20131 (base 4) to base 12.
391
-45027 (base 8) to base 12
-ab87
What is -10011010000000 (base 2) in base 11?
-7450
What is -1111011000 (base 2) in base 11?
-815
What is 158 (base 15) in base 12?
218
-332 (base 7) to base 16
-aa
-713 (base 9) to base 5
-4304
Convert 351 (base 8) to base 4.
3221
Convert -109 (base 11) to base 7.
-244
Convert 308 (base 10) to base 6.
1232
What is -11101101 (base 2) in base 15?
-10c
What is 1a (base 13) in base 3?
212
Convert 19009 (base 10) to base 11.
13311
Convert -3120321 (base 5) to base 16.
-c888
Convert 5898 (base 15) to base 16.
4982
-b90 (base 13) to base 12
-1188
What is -1cdd5 (base 15) in base 6?
-2004202
4045 (base 8) to base 9
2766
Convert -1000011000011 (base 2) to base 14.
-17c7
Convert 351 (base 9) to base 6.
1201
Convert 202 (base 11) to base 4.
3310
Convert -341 (base 14) to base 4.
-22011
Convert -1dc (base 16) to base 2.
-111011100
-1012022 (base 3) to base 11
-723
Convert -314 (base 7) to base 3.
-12212
What is 399 (base 10) in base 4?
12033
-1213 (base 6) to base 14
-173
-225c (base 13) to base 16
-12c9
100220002 (base 3) to base 16
1c2b
Convert -100001100 (base 2) to base 8.
-414
Convert -10111110011 (base 2) to base 4.
-113303
-63014 (base 7) to base 9
-23162
Convert -1969a (base 11) to base 10.
-27455
-1433 (base 7) to base 10
-563
Convert 134042 (base 5) to base 12.
3242
Convert -24327 (base 9) to base 13.
-7564
Convert 543 (base 8) to base 6.
1351
Convert -6ad8 (base 16) to base 15.
-8187
What is 434453 (base 6) in base 3?
1211102120
1024 (base 6) to base 13
14b
8a5 (base 14) to base 3
2100110
209 (base 14) to base 12
295
What is -2e6 (base 15) in base 6?
-3030
What is 1001110110 (base 2) in base 15?
2c0
Convert 5a23 (base 13) to base 10.
12704
What is 1888 (base 13) in base 16?
e4d
Convert -3205 (base 7) to base 5.
-14012
What is 3402 (base 10) in base 14?
1350
Convert 313 (base 9) to base 14.
143
What is 2383 (base 11) in base 8?
6054
b915 (base 12) to base 9
30778
What is -37d (base 14) in base 7?
-2016
-1306 (base 11) to base 8
-3244
120151 (base 7) to base 16
54be
What is 1386 (base 10) in base 9?
1810
Convert 9a2 (base 13) to base 14.
861
-1310 (base 7) to base 9
-612
Convert -300a (base 13) to base 4.
-1213021
Convert 3594 (base 10) to base 14.
144a
Convert 1000111111 (base 2) to base 10.
575
What is -13511 (base 8) in base 3?
-22011210
55513 (base 6) to base 10
7749
3124 (base 8) to base 16
654
Convert -22686 (base 9) to base 13.
-6b7c
Convert -24111 (base 5) to base 10.
-1781
25d (base 15) to base 5
4123
What is 289 (base 14) in base 3?
201000
Convert 2000 (base 9) to base 6.
10430
-3b51 (base 15) to base 7
-51646
-7b4c (base 13) to base 15
-51d7
Convert -421332 (base 5) to base 3.
-201011022
Convert -1010111100 (base 2) to base 9.
-857
-855 (base 10) to base 5
-11410
1010010100001 (base 2) to base 11
3a71
1112 (base 6) to base 8
404
What is 282 (base 11) in base 12?
238
Convert 465 (base 12) to base 3.
220012
Convert -1001122120 (base 3) to base 4.
-11012112
What is 1011110 (base 2) in base 7?
163
Convert 54404 (base 6) to base 14.
2a32
112022222 (base 3) to base 16
28d0
Convert 26428 (base 9) to base 7.
103013
What is -412 (base 10) in base 13?
-259
What is -10121020 (base 3) in base 7?
-10440
Convert -383 (base 11) to base 16.
-1c6
110110100100 (base 2) to base 16
da4
What is -122073 (base 9) in base 6?
-1325103
-131042 (base 8) to base 9
-68488
What is -3e5 (base 15) in base 9?
-1188
What is -100110100001 (base 2) in base 11?
-1941
Convert 10101 (base 2) to base 14.
17
Convert 2000120 (base 3) to base 7.
4203
-232220 (base 4) to base 6
-21452
13314 (base 5) to base 16
43c
What is c3d (base 15) in base 6?
20434
Convert -2252 (base 7) to base 10.
-821
What is 5662 (base 7) in base 4?
200011
Convert -16a0 (base 11) to base 10.
-2167
-11000220020 (base 3) to base 10
-79386
What is 277 (base 10) in base 9?
337
Convert 1b83 (base 15) to base 9.
8166
What is -24212 (base 5) in base 11?
-13a3
What is -2e3 (base 15) in base 6?
-3023
Convert -498 (base 15) to base 11.
-869
-1020021 (base 3) to base 14
-482
What is -426 (base 11) in base 14?
-288
-10001001011010 (base 2) to base 8
-21132
Convert 13021 (base 4) to base 10.
457
Convert -d8df (base 16) to base 15.
-116b4
What is 1532 (base 7) in base 9?
748
Convert 554 (base 13) to base 14.
494
What is 723 (base 10) in base 12?
503
3a8 (base 12) to base 7
1430
What is 2101 (base 7) in base 16?
2e0
250 (base 10) to base 7
505
102 (base 13) to base 2
10101011
Convert 5d63 (base 16) to base 6.
302403
-1330 (base 8) to base 2
-1011011000
What is 1000110011 (base 2) in base 5?
4223
45034 (base 8) to base 12
ab90
Convert 26337 (base 10) to base 13.
bcac
Convert -11131221 (base 4) to base 3.
-1010200210
What is -d07 (base 15) in base 9?
-4017
What is 6013 (base 8) in base 9?
4205
Convert -114c (base 14) to base 2.
-101111000000
Convert -337 (base 9) to base 11.
-232
110 (base 15) to base 6
1040
111100010 (base 2) to base 4
13202
Convert -2c8 (base 16) to base 9.
-871
What is 100122 (base 3) in base 16?
104
10190 (base 10) to base 14
39dc
Convert 159 (base 14) to base 12.
1ab
What is a551 (base 13) in base 11?
16211
42f (base 16) to base 8
2057
Convert d06 (base 15) to base 11.
2225
405 (base 6) to base 2
10010101
Convert -11015 (base 7) to base 11.
-2086
What is 1650 (base 16) in base 10?
5712
What is -2272 (base 12) in base 5?
-110310
-210101 (base 3) to base 11
-485
-38c (base 14) to base 6
-3144
Convert 122220 (base 3) to base 5.
3413
What is 26a (base 11) in base 6?
1250
What is 12551 (base 6) in base 2?
11110010011
What is 110101110001011 (base 2) in base 13?
c6ba
2c47 (base 14) to base 7
32020
Convert -899 (base 15) to base 14.
-9cc
What is 176 (base 9) in base 8?
226
1405 (base 7) to base 5
4134
What is -700 (base 10) in base 7?
-2020
Convert 29a0 (base 12) to base 13.
22aa
Convert -1402 (base 5) to base 16.
-e3
What is -1084 (base 9) in base 7?
-2230
Convert -3515 (base 6) to base 13.
-4c7
Convert 162 (base 14) to base 13.
189
Convert -26403 (base 10) to base 5.
-1321103
-ca (base 15) to base 14
-d8
-1001101211 (base 3) to base 6
-235504
What is -11242 (base 5) in base 6?
-3450
Convert -12586 (base 10) to base 16.
-312a
f050 (base 16) to base 5
3432040
-13248 (base 11) to base 3
-221222001
What is -102 (base 9) in base 5?
-313
Convert 2862 (base 9) to base 3.
2222002
-3005 (base 6) to base 4
-22031
-10443 (base 6) to base 3
-2000100
Convert -2281 (base 9) to base 3.
-2022201
-2154 (base 7) to base 15
-369
-103004 (base 6) to base 5
-232203
Convert 173 (base 9) to base 16.
93
Convert 32